v. Let j = -33 - v. What are the prime factors of j?
2, 3
Suppose -4*a = -a - 15, 4*a = 2*z + 12. Suppose 3*d - z*j + 76 = 825, 4 = j. List the prime factors of d.
3, 5, 17
Let l(o) = 4*o**2 + 7*o + 5. Suppose 0 = 3*v + 60 - 45. What are the prime factors of l(v)?
2, 5, 7
Let h(r) = 4*r**3 + 6*r**2 + 4*r + 6. Let z(f) = f**3. Let q(g) = -h(g) + 2*z(g). What are the prime factors of q(-4)?
2, 3, 7
Let f(n) = -4*n + 32. Let x be f(6). Suppose -x*u = -241 - 87. What are the prime factors of u?
41
Suppose -y - 3 = -8. Suppose 2*h + 2*h + 3*r = 7, 4*h + y*r - 1 = 0. Let o = 3 + h. List the prime factors of o.
7
Suppose 14*i = 33*i - 10564. List the prime factors of i.
2, 139
Suppose 20 = -0*f + 5*f. Suppose -2*y + f*g - 20 = 0, 0 = -5*y - 2*g - g - 11. Let d(r) = r**2 + 3*r + 1. List the prime factors of d(y).
5
Suppose -i = -c + 2*i + 465, 4*c + 2*i - 1832 = 0. List the prime factors of c.
3, 17
Let r be 18 - 16 - (-76 + -1). What are the prime factors of 7 - 3 - r/(-1)?
83
Suppose 4*y - 807 = 7*y. Let d = 384 + y. List the prime factors of d.
5, 23
Let t = 6 - 12. Let p be (3 - t/(-2))/(-1). What are the prime factors of (p + 1)*4 + -1?
3
Let d be (-7)/((-28)/8) + 28. Let n = d + 104. What are the prime factors of n?
2, 67
Let d = 117 + -103. Let h = 8 - 5. Let l = d - h. What are the prime factors of l?
11
Let z(k) = -k**2 + 10*k - 13. Let g be z(9). Let s(w) = w - 3*w + 3*w - 2 + 2*w**2 - 2*w. List the prime factors of s(g).
2, 17
Let v(m) = -138*m - 190. What are the prime factors of v(-6)?
2, 11, 29
Let r be (-2 + 1)*(-6 + 6). Suppose r = -0*l - 2*l. What are the prime factors of 0 + (5 - (-3 - l))?
2
Let u be (2*(-22)/6)/(4/(-12)). Let d = 73 + u. List the prime factors of d.
5, 19
Let v(f) = -23*f + 12. Let k be v(6). Let x = 49 - k. What are the prime factors of x?
5, 7
Let w(z) = -z**3 + 20*z**2 + 16*z + 17. What are the prime factors of w(20)?
337
Suppose -997 = -18*h + 14*h + 3*f, -3*h = -f - 744. What are the prime factors of h?
13, 19
Let p(c) = -c**2 - c - 1. Let a(h) = 4*h**2. Suppose 4*l + 4*o = -0*l - 36, 5*l = -4*o - 41. Let k(v) = l*p(v) - a(v). List the prime factors of k(-6).
11
Suppose 28 = -2*o - 0*o - 5*l, -5*o - 2*l - 28 = 0. List the prime factors of (o - 3740/(-15)) + 2/3.
2, 3, 41
Let x(g) = 26*g**2 + 33*g - 13. What are the prime factors of x(9)?
2, 5, 239
Suppose -66 = 2*a - 4*c, -a + 7*c = 2*c + 39. Let z = a - -34. Suppose -r = -5*r + 4*n + 208, -z*n = -2*r + 104. List the prime factors of r.
2, 13
Let s = -35 - 19. Let u = s + 117. List the prime factors of u.
3, 7
Let n(x) be the second derivative of -x**3 - 5*x. Let u be n(-1). Suppose 0 = -u*r + r + 105. What are the prime factors of r?
3, 7
Suppose -10*o + 740 = -5*o. List the prime factors of (0 + 12/6)/(2/o).
2, 37
Let t(q) = 8*q**3 - 141*q**3 + 1 - 4*q - 3*q**2 + 3*q + q**2. What are the prime factors of t(-1)?
7, 19
List the prime factors of (-4 - -334)/(42/476).
2, 5, 11, 17
Suppose -6 = -0*a - 3*a. Suppose k = -5*l - 20, a*l + 11 - 1 = 0. Let d = 1 + k. What are the prime factors of d?
2, 3
Let s(b) = -2*b**2 - 3*b - 3. Let m be s(-3). Let f = 17 + m. Suppose -95 + f = -3*n. What are the prime factors of n?
2, 3, 5
Let y(n) be the third derivative of -n**4/4 + 7*n**3 - 19*n**2. What are the prime factors of y(-8)?
2, 3, 5
Let s be 1155/(-12) + (-3)/(-12). Let c be 36/s + 54/16. Suppose c*p - 104 = -4*n, -3*p + 176 = p - 4*n. List the prime factors of p.
2, 5
Let v = 533 + -276. List the prime factors of v.
257
Let n(z) = z**2 - 15*z - 53. What are the prime factors of n(-17)?
491
Let y = 105 + -96. Let q(a) = a**3 - 2 - 2 - 8*a**2 + 0 - 8*a. What are the prime factors of q(y)?
5
Let d(b) = 45*b**2 + 14*b + 1. List the prime factors of d(-3).
2, 7, 13
Suppose -4*b = 3*h - 188, -316 = -5*h - 4*b - 0*b. List the prime factors of h.
2
Let f(w) = w**3 - 20*w**2 + 17*w + 17. List the prime factors of f(23).
3, 5, 7, 19
Let a be (-13 - -3)/(4/(-142)). Suppose 15*c - 20*c + a = 0. Let q = c - 25. What are the prime factors of q?
2, 23
Suppose 5*h - 6597 = -4*h. What are the prime factors of h?
733
Let r(t) = 5*t**2 - 6*t + 1. Let v(h) = h**2 - 1. Suppose -20*d = -17*d - 3. Let l(i) = d*r(i) - 4*v(i). List the prime factors of l(6).
5
Suppose -6 = -p + 3*j, -p + 2*j + 54 = 3*p. Suppose p*s = 9*s + 576. What are the prime factors of s?
2, 3
Let u be (16/20)/(2/5). Suppose u*z + z - 5*n = 512, 0 = 4*z - 3*n - 701. What are the prime factors of z?
179
Let z be ((-1)/4)/(13/(-260)). Suppose -4*f + 94 = 2*g, 0*f = -3*g + z*f + 185. List the prime factors of g.
5, 11
Let g = -30 - -30. Suppose g - 6 = 3*t, -2*t = 2*x - 438. List the prime factors of x.
13, 17
Let o be (-6754)/22 - 3/1. What are the prime factors of o/(-6) - (-10)/(-15)?
3, 17
Let x = 2486 + -912. List the prime factors of x.
2, 787
Suppose 2*l = 3*l + 11. Let m = l + 108. What are the prime factors of m?
97
Let p be (8 + -2)/((-12)/(-8)). Suppose -p*v + 300 = 2*n - 100, -3*n + 591 = 3*v. What are the prime factors of n?
2, 97
Suppose -2*d - 2 = 0, 8 + 18 = -v - 2*d. Let i be ((-1)/3)/(2/v). Suppose -m = i*m - 130. List the prime factors of m.
2, 13
Let n = -64 - -66. Suppose -3*y + 12 = 0, 0*b - 224 = -4*b - n*y. List the prime factors of b.
2, 3
Let i = -9 - -13. Suppose h = -5*n + 916, -5*n + i*h + 444 = -467. What are the prime factors of n?
3, 61
Suppose 0 = 7*z - 4*z - 9. Suppose 6*a = 4*n + 4*a + 32, -2*a - 38 = z*n. List the prime factors of (-454)/n - 4/10.
3, 5
Let c(o) = o + 31. Let b be c(-9). Let g = 47 + b. What are the prime factors of g?
3, 23
Let v = 2195 - 1604. What are the prime factors of v?
3, 197
Let a = 110 + 348. Suppose -5*s = -a + 23. List the prime factors of s.
3, 29
Let x(c) = c - 1. Let b(n) = 12*n - 4. Let v(t) = b(t) + 3*x(t). Let z = -130 + 134. What are the prime factors of v(z)?
53
What are the prime factors of 1114 + (-13 - (-10 + 6))?
5, 13, 17
Let m(n) = -n**3 - 9*n**2 - 32*n - 175. List the prime factors of m(-18).
31, 107
Suppose -2*y + 4*j + 108 = 0, 0*y - 87 = -2*y - 3*j. Suppose -13*l = -7*l - y. What are the prime factors of l?
2
Let c = -5 - -12. Let z(g) = -g**3 + 16*g**2 - 14*g - 9. Let j be z(15). Suppose c*m - j*m = 31. What are the prime factors of m?
31
What are the prime factors of ((-1621)/2)/(1/(-4)*2)?
1621
Let j(n) = -3*n + 24. Let s be j(7). Suppose -4*m + 332 - 103 = s*y, 234 = 3*y + 3*m. What are the prime factors of y?
83
Let s = 199 - 55. Suppose -f = 2*l - 561, 119 + s = l + 4*f. What are the prime factors of l?
283
Let j(t) = -t**3 + 4*t**2 + 3*t - 1. Let c be j(4). Let i(k) = -7*k - 18. Let h be i(-4). Suppose -h*n = -c*n + 35. What are the prime factors of n?
5, 7
Suppose -2*t = -2, o + 2*o + 4*t - 100 = 0. Let w = -603 - -583. Let j = w + o. List the prime factors of j.
2, 3
Suppose -4933 = -3*q - 4*s + 5*s, -s - 6576 = -4*q. What are the prime factors of q?
31, 53
Let x(u) = -5*u**2 + 22*u + 1. Let r be x(5). List the prime factors of (-388)/r*(-7)/(-2).
97
Let a(z) = 12*z - 121. List the prime factors of a(39).
347
Suppose 0 = -b + 2*b - 2*f + 9, 9 = 2*b + 5*f. Let u = -4 - b. List the prime factors of ((-3)/(-12) - u)*20.
5
Suppose 0 = -7*q + 4*q + 9. Suppose 2*c = -5 - q. Let v = c - -15. What are the prime factors of v?
11
Suppose 2*r - 4*q - 12 = 0, -3*q - 10 = -2*r - 0*r. Suppose -16 = r*m - 4*t + 30, 42 = -2*m + 2*t. List the prime factors of 3*m/1*-1.
3, 19
Let b(u) = u**3 - 8*u**2 - u + 10. Let r be b(8). Suppose -3*v + 20 = -r*v. Suppose -f - 2 = -1, -4*m + 4*f = -v. List the prime factors of m.
2
Suppose 2*v + 8 = -0*v, -3*a = -2*v - 62. Suppose -2*z + a = z. Suppose 0 = z*u - 4*u - 44. What are the prime factors of u?
2, 11
Let r = -4687 + 9504. What are the prime factors of r?
4817
Let v(g) = -10*g**3 - 4*g**2 - 5*g + 8. Let r(b) = -5*b**3 - 2*b**2 - 2*b + 4. Let c(w) = -7*r(w) + 3*v(w). What are the prime factors of c(2)?
2, 3, 7
Let b(t) = 6*t. Let i be b(1). Let j = 11 - i. Suppose 0 = -2*y - j*u + 48 - 17, 4*y - 44 = -4*u. List the prime factors of y.
2
Let r(u) = -u**2 + u + 4. Let d be r(-3). Let h be 55*(36/15)/6. Let s = h + d. What are the prime factors of s?
2, 7
Let u(w) = -w + 195. Let o be u(0). Let q = -130 + o. List the prime factors of q.
5, 13
Let s = 7 + 2. Let q be (-6)/4*(-12)/s. Suppose 5*n - 185 = 